{"id":802,"date":"2011-01-08T16:31:05","date_gmt":"2011-01-08T16:31:05","guid":{"rendered":"http:\/\/www.achtung-frisch-gestrichen.org\/?page_id=802"},"modified":"2018-06-04T12:17:59","modified_gmt":"2018-06-04T12:17:59","slug":"ansprechen","status":"publish","type":"page","link":"http:\/\/www.achtung-frisch-gestrichen.de\/?page_id=802","title":{"rendered":"Ansprechen"},"content":{"rendered":"<table border=\"0\" cellspacing=\"0\" cellpadding=\"0\">\n<tbody>\n<tr>\n<td valign=\"top\" width=\"135\"><img loading=\"lazy\" src=\"wp-content\/uploads\/Bilder\/Engagierte\/Kuenstler\/Ebi.jpg\" alt=\"\" width=\"100\" height=\"115\" border=\"0\" \/><\/td>\n<td valign=\"middle\" width=\"75%\">Ebi Eilber<br \/>\n1. Vorsitzender<br \/>\nPersonal, Finanzen, Vertr\u00e4ge<br \/>\n(0761) 767 99 60<br \/>\nBewerbungen bitte ausschlie\u00dflich per Email.<br \/>\neilber@achtung-frisch-gestrichen.de<\/td>\n<\/tr>\n<tr>\n<td valign=\"top\" width=\"135\"><\/td>\n<td valign=\"middle\" width=\"75%\"><\/td>\n<\/tr>\n<tr>\n<td valign=\"top\" width=\"135\"><img loading=\"lazy\" src=\"wp-content\/uploads\/Bilder\/Engagierte\/Kuenstler\/AngelaGasch.jpg\" alt=\"\" width=\"100\" height=\"113\" border=\"0\" \/><\/td>\n<td valign=\"middle\" width=\"75%\">Angela Gasch<br \/>\n2. Vorsitzende<br \/>\nK\u00fcnstler, Projekte<br \/>\n(0761) 6964329<br \/>\ngasch@achtung-frisch-gestrichen.de<\/td>\n<\/tr>\n<tr>\n<td valign=\"top\" width=\"135\"><\/td>\n<td valign=\"middle\" width=\"75%\"><\/td>\n<\/tr>\n<tr>\n<td valign=\"top\" width=\"135\"><img loading=\"lazy\" src=\"wp-content\/uploads\/Bilder\/Engagierte\/Kuenstler\/Sarah.jpg\" alt=\"\" width=\"100\" height=\"133\" border=\"0\" \/><\/td>\n<td valign=\"Middle\" width=\"75%\">Dr. Sarah Pohl<br \/>\nSoziale Inter-Netzwerke<br \/>\n(07664) 4035421<br \/>\npohl@achtung-frisch-gestrichen.de<\/td>\n<\/tr>\n<tr>\n<td valign=\"top\" width=\"135\"><\/td>\n<td valign=\"middle\" width=\"75%\"><\/td>\n<\/tr>\n<tr>\n<td valign=\"top\" width=\"135\"><img loading=\"lazy\" src=\"wp-content\/uploads\/Bilder\/Engagierte\/Kuenstler\/Katharina.jpg\" alt=\"\" width=\"100\" height=\"124\" border=\"0\" \/><\/td>\n<td valign=\"middle\" width=\"75%\">Katharina Katt<br \/>\nOrganisatorisches, Veranstaltungen<br \/>\n(0761) 4880606<br \/>\nkatt@achtung-frisch-gestrichen.de<\/td>\n<\/tr>\n<\/tbody>\n<\/table>\n","protected":false},"excerpt":{"rendered":"<p>Ebi Eilber 1. Vorsitzender Personal, Finanzen, Vertr\u00e4ge (0761) 767 99 60 Bewerbungen bitte ausschlie\u00dflich per Email. eilber@achtung-frisch-gestrichen.de Angela Gasch 2. Vorsitzende K\u00fcnstler, Projekte (0761) 6964329 gasch@achtung-frisch-gestrichen.de Dr. Sarah Pohl Soziale Inter-Netzwerke (07664) 4035421 pohl@achtung-frisch-gestrichen.de Katharina Katt Organisatorisches, Veranstaltungen (0761) 4880606 katt@achtung-frisch-gestrichen.de<\/p>\n","protected":false},"author":2,"featured_media":0,"parent":134,"menu_order":9,"comment_status":"open","ping_status":"open","template":"","meta":[],"_links":{"self":[{"href":"http:\/\/www.achtung-frisch-gestrichen.de\/index.php?rest_route=\/wp\/v2\/pages\/802"}],"collection":[{"href":"http:\/\/www.achtung-frisch-gestrichen.de\/index.php?rest_route=\/wp\/v2\/pages"}],"about":[{"href":"http:\/\/www.achtung-frisch-gestrichen.de\/index.php?rest_route=\/wp\/v2\/types\/page"}],"author":[{"embeddable":true,"href":"http:\/\/www.achtung-frisch-gestrichen.de\/index.php?rest_route=\/wp\/v2\/users\/2"}],"replies":[{"embeddable":true,"href":"http:\/\/www.achtung-frisch-gestrichen.de\/index.php?rest_route=%2Fwp%2Fv2%2Fcomments&post=802"}],"version-history":[{"count":0,"href":"http:\/\/www.achtung-frisch-gestrichen.de\/index.php?rest_route=\/wp\/v2\/pages\/802\/revisions"}],"up":[{"embeddable":true,"href":"http:\/\/www.achtung-frisch-gestrichen.de\/index.php?rest_route=\/wp\/v2\/pages\/134"}],"wp:attachment":[{"href":"http:\/\/www.achtung-frisch-gestrichen.de\/index.php?rest_route=%2Fwp%2Fv2%2Fmedia&parent=802"}],"curies":[{"name":"wp","href":"https:\/\/api.w.org\/{rel}","templated":true}]}}

<table border="0" cellspacing="0" cellpadding="0">
<tbody>
<tr>
<td valign="top" width="135"><img loading="lazy" src="wp-content/uploads/Bilder/Engagierte/Kuenstler/Ebi.jpg" alt="" width="100" height="115" border="0" /></td>
<td valign="middle" width="75%">Ebi Eilber<br />
1. Vorsitzender<br />
Personal, Finanzen, Verträge<br />
(0761) 767 99 60<br />
Bewerbungen bitte ausschließlich per Email.<br />
eilber@achtung-frisch-gestrichen.de</td>
</tr>
<tr>
<td valign="top" width="135"></td>
<td valign="middle" width="75%"></td>
</tr>
<tr>
<td valign="top" width="135"><img loading="lazy" src="wp-content/uploads/Bilder/Engagierte/Kuenstler/AngelaGasch.jpg" alt="" width="100" height="113" border="0" /></td>
<td valign="middle" width="75%">Angela Gasch<br />
2. Vorsitzende<br />
Künstler, Projekte<br />
(0761) 6964329<br />
gasch@achtung-frisch-gestrichen.de</td>
</tr>
<tr>
<td valign="top" width="135"></td>
<td valign="middle" width="75%"></td>
</tr>
<tr>
<td valign="top" width="135"><img loading="lazy" src="wp-content/uploads/Bilder/Engagierte/Kuenstler/Sarah.jpg" alt="" width="100" height="133" border="0" /></td>
<td valign="Middle" width="75%">Dr. Sarah Pohl<br />
Soziale Inter-Netzwerke<br />
(07664) 4035421<br />
pohl@achtung-frisch-gestrichen.de</td>
</tr>
<tr>
<td valign="top" width="135"></td>
<td valign="middle" width="75%"></td>
</tr>
<tr>
<td valign="top" width="135"><img loading="lazy" src="wp-content/uploads/Bilder/Engagierte/Kuenstler/Katharina.jpg" alt="" width="100" height="124" border="0" /></td>
<td valign="middle" width="75%">Katharina Katt<br />
Organisatorisches, Veranstaltungen<br />
(0761) 4880606<br />
katt@achtung-frisch-gestrichen.de</td>
</tr>
</tbody>
</table>

<p>Ebi Eilber 1. Vorsitzender Personal, Finanzen, Verträge (0761) 767 99 60 Bewerbungen bitte ausschließlich per Email. eilber@achtung-frisch-gestrichen.de Angela Gasch 2. Vorsitzende Künstler, Projekte (0761) 6964329 gasch@achtung-frisch-gestrichen.de Dr. Sarah Pohl Soziale Inter-Netzwerke (07664) 4035421 pohl@achtung-frisch-gestrichen.de Katharina Katt Organisatorisches, Veranstaltungen (0761) 4880606 katt@achtung-frisch-gestrichen.de</p>
